ist the prime factors of 596.
2, 149
List the prime factors of 5296.
2, 331
What are the prime factors of 2738?
2, 37
What are the prime factors of 518?
2, 7, 37
List the prime factors of 2517.
3, 839
What are the prime factors of 17537?
13, 19, 71
List the prime factors of 1596.
2, 3, 7, 19
What are the prime factors of 182?
2, 7, 13
What are the prime factors of 3570?
2, 3, 5, 7, 17
List the prime factors of 18829.
19, 991
List the prime factors of 1132.
2, 283
What are the prime factors of 17472?
2, 3, 7, 13
What are the prime factors of 72449?
13, 5573
What are the prime factors of 11925?
3, 5, 53
List the prime factors of 9109.
9109
List the prime factors of 1148.
2, 7, 41
What are the prime factors of 2586?
2, 3, 431
List the prime factors of 491.
491
What are the prime factors of 15497?
15497
List the prime factors of 10426.
2, 13, 401
What are the prime factors of 4084?
2, 1021
List the prime factors of 32247.
3, 3583
What are the prime factors of 65471?
7, 47, 199
What are the prime factors of 30933?
3, 7, 491
List the prime factors of 8042.
2, 4021
What are the prime factors of 5747?
7, 821
List the prime factors of 51717.
3, 17239
What are the prime factors of 74130?
2, 3, 5, 7, 353
List the prime factors of 1062.
2, 3, 59
What are the prime factors of 1673?
7, 239
List the prime factors of 4911.
3, 1637
List the prime factors of 97353.
3, 29, 373
List the prime factors of 904.
2, 113
What are the prime factors of 19686?
2, 3, 17, 193
What are the prime factors of 63448?
2, 7, 11, 103
List the prime factors of 62762.
2, 7, 4483
What are the prime factors of 6406?
2, 3203
What are the prime factors of 158636?
2, 39659
What are the prime factors of 8859?
3, 2953
What are the prime factors of 1353?
3, 11, 41
List the prime factors of 4872.
2, 3, 7, 29
List the prime factors of 63935.
5, 19, 673
What are the prime factors of 92318?
2, 31, 1489
What are the prime factors of 73478?
2, 36739
What are the prime factors of 1021?
1021
List the prime factors of 17103.
3, 5701
List the prime factors of 7831.
41, 191
What are the prime factors of 15911?
7, 2273
What are the prime factors of 866?
2, 433
What are the prime factors of 3056?
2, 191
List the prime factors of 1020.
2, 3, 5, 17
What are the prime factors of 1162?
2, 7, 83
What are the prime factors of 2226?
2, 3, 7, 53
What are the prime factors of 4136?
2, 11, 47
What are the prime factors of 13558?
2, 6779
What are the prime factors of 5354?
2, 2677
What are the prime factors of 848?
2, 53
What are the prime factors of 7627?
29, 263
List the prime factors of 19726.
2, 7, 1409
List the prime factors of 2281.
2281
What are the prime factors of 45913?
7, 937
List the prime factors of 94354.
2, 13, 19, 191
What are the prime factors of 572?
2, 11, 13
List the prime factors of 9887.
9887
What are the prime factors of 1095?
3, 5, 73
What are the prime factors of 89449?
89449
List the prime factors of 103641.
3, 179, 193
List the prime factors of 487.
487
What are the prime factors of 5246?
2, 43, 61
List the prime factors of 2136.
2, 3, 89
List the prime factors of 2286.
2, 3, 127
What are the prime factors of 2354?
2, 11, 107
List the prime factors of 5955.
3, 5, 397
List the prime factors of 13392.
2, 3, 31
List the prime factors of 2497.
11, 227
List the prime factors of 95189.
95189
What are the prime factors of 19770?
2, 3, 5, 659
What are the prime factors of 1677?
3, 13, 43
List the prime factors of 1260.
2, 3, 5, 7
What are the prime factors of 1849?
43
What are the prime factors of 93352?
2, 7, 1667
List the prime factors of 3403.
41, 83
List the prime factors of 1469.
13, 113
What are the prime factors of 357?
3, 7, 17
What are the prime factors of 3170?
2, 5, 317
List the prime factors of 23970.
2, 3, 5, 17, 47
List the prime factors of 99113.
7, 14159
List the prime factors of 1039.
1039
List the prime factors of 439.
439
List the prime factors of 578.
2, 17
List the prime factors of 1437.
3, 479
List the prime factors of 1432.
2, 179
List the prime factors of 16531.
61, 271
List the prime factors of 88194.
2, 3, 14699
What are the prime factors of 842?
2, 421
What are the prime factors of 15752?
2, 11, 179
List the prime factors of 38989.
127, 307
List the prime factors of 921.
3, 307
List the prime factors of 1566.
2, 3, 29
What are the prime factors of 418?
2, 11, 19
What are the prime factors of 17709?
3, 5903
List the prime factors of 39045.
3, 5, 19, 137
What are the prime factors of 14?
2, 7
What are the prime factors of 8204?
2, 7, 293
What are the prime factors of 7770?
2, 3, 5, 7, 37
What are the prime factors of 218?
2, 109
List the prime factors of 594.
2, 3, 11
List the prime factors of 2551.
2551
List the prime factors of 5929.
7, 11
List the prime factors of 50248.
2, 11, 571
List the prime factors of 37494.
2, 3, 2083
List the prime factors of 1754.
2, 877
List the prime factors of 25.
5
What are the prime factors of 514?
2, 257
List the prime factors of 1139.
17, 67
What are the prime factors of 6994?
2, 13, 269
What are the prime factors of 6295?
5, 1259
What are the prime factors of 9202?
2, 43, 107
List the prime factors of 12773.
53, 241
What are the prime factors of 33760?
2, 5, 211
List the prime factors of 2004.
2, 3, 167
What are the prime factors of 14035?
5, 7, 401
What are the prime factors of 4954?
2, 2477
What are the prime factors of 5053?
31, 163
What are the prime factors of 22607?
13, 37, 47
What are the prime factors of 3782?
2, 31, 61
What are the prime factors of 103?
103
List the prime factors of 76410.
2, 3, 5, 283
What are the prime factors of 5271?
3, 7, 251
What are the prime factors of 1053?
3, 13
List the prime factors of 9752.
2, 23, 53
List the prime factors of 52.
2, 13
What are the prime factors of 59382?
2, 3, 3299
What are the prime factors of 52006?
2, 26003
List the prime factors of 4437.
3, 17, 29
List the prime factors of 6484.
2, 1621
List the prime factors of 37120.
2, 5, 29
What are the prime factors of 95937?
3, 113, 283
What are the prime factors of 8601?
3, 47, 61
List the prime factors of 5510.
2, 5, 19, 29
List the prime factors of 6020.
2, 5, 7, 43
List the prime factors of 106053.
3, 23, 29, 53
List the prime factors of 66481.
19, 3499
What are the prime factors of 1951?
1951
List the prime factors of 342.
2, 3, 19
List the prime factors of 31998.
2, 3, 5333
List the prime factors of 705.
3, 5, 47
List the prime factors of 1970.
2, 5, 197
What are the prime factors of 28683?
3, 3187
List the prime factors of 11657.
11657
What are the prime factors of 47095?
5, 9419
What are the prime factors of 1440?
2, 3, 5
List the prime factors of 2982.
2, 3, 7, 71
What are the prime factors of 5475?
3, 5, 73
List the prime factors of 2468.
2, 617
What are the prime factors of 15605?
5, 3121
What are the prime factors of 20653?
19, 1087
What are the prime factors of 88565?
5, 17713
List the prime factors of 112082.
2, 56041
List the prime factors of 25484.
2, 23, 277
List the prime factors of 697.
17, 41
What are the prime factors of 47718?
2, 3, 11, 241
List the prime factors of 2892.
2, 3, 241
What are the prime factors of 2350?
2, 5, 47
What are the prime factors of 1245?
3, 5, 83
List the prime factors of 26346.
2, 3, 4391
List the prime factors of 36326.
2, 41, 443
List the prime factors of 3056.
2, 191
What are the prime factors of 143018?
2, 43, 1663
What are the prime factors of 2519?
11, 229
What are the prime factors of 29481?
3, 31, 317
What are the prime factors of 2325?
3, 5, 31
What are the prime factors of 390?
2, 3, 5, 13
What are the prime factors of 1092?
2, 3, 7, 13
What are the prime factors of 472?
2, 59
What are the prime factors of 311?
311
List the prime factors of 10928.
2, 683
List the prime factors of 728.
2, 7, 13
List the prime factors of 148979.
19, 7841
What are the prime factors of 2965?
5, 593
List the prime factors of 56377.
56377
What are the prime factors of 2406?
2, 3, 401
List the prime factors of 7841.
7841
List the prime factors of 4596.
2, 3, 383
What are the prime factors of 8185?
5, 1637
What are the prime factors of 133?
7, 19
What are the prime factors of 1062?
2, 3, 59
List the prime factors of 518.
2, 7, 37
List the prime factors of 590.
2, 5, 59
What are the prime factors of 1